54314
2840213 (base 13) to base 9
25865015
Convert -c5883 (base 15) to base 9.
-1154106
Convert 110011110111000 (base 2) to base 6.
322532
Convert -555706 (base 8) to base 12.
-904b2
-9350 (base 16) to base 5
-2201322
What is -2222011220111 (base 3) in base 13?
-433474
What is -5d374 (base 16) in base 7?
-3150104
Convert 24133233 (base 5) to base 4.
312233001
What is -122040512 (base 7) in base 15?
-a13b48
What is 133021102 (base 4) in base 6?
2422334
-85feb (base 16) to base 9
-1025775
2b294a (base 12) to base 6
23354134
16301260 (base 8) to base 15
4e6b23
What is 21341104 (base 6) in base 9?
1167414
Convert -1100111101001111010000 (base 2) to base 5.
-1332142220
Convert 56226 (base 8) to base 13.
aa33
What is 324949 (base 11) in base 12?
210359
2022101202 (base 3) to base 14
12812
Convert 102212330003 (base 4) to base 16.
4a6f03
What is -2868 (base 13) in base 10?
-5832
-1001010101010001100 (base 2) to base 5
-34241204
3e04be (base 16) to base 2
1111100000010010111110
What is -13025205 (base 7) in base 12?
-490806
What is -21121201121100 (base 3) in base 10?
-4049307
-18242d (base 15) to base 4
-10132021210
What is 123333012 (base 5) in base 4?
2103303012
What is -1da0a (base 14) in base 5?
-4413213
Convert -1212110010111 (base 3) to base 15.
-149347
Convert 1410123244 (base 5) to base 15.
4b139e
Convert -2054613 (base 7) to base 4.
-330302103
-10395b5 (base 12) to base 5
-1241031401
What is 333410 (base 7) in base 9?
88655
Convert -a0278 (base 11) to base 13.
-51a36
What is 4da67 (base 16) in base 8?
1155147
3120a65 (base 11) to base 14
a3494d
Convert 40416546 (base 7) to base 8.
14656372
1606450 (base 10) to base 12
6557aa
Convert 1261116 (base 7) to base 15.
34319
-3014143110 (base 5) to base 15
-7d9870
What is c4c4a (base 14) in base 2?
1110011110100010010
-21301412 (base 7) to base 16
-1bb498
What is -21010211112 (base 3) in base 6?
-3002452
What is -352136 (base 8) in base 5?
-12314102
Convert 563234 (base 8) to base 10.
190108
-43040525 (base 6) to base 15
-19ec98
Convert 21102221222 (base 3) to base 9.
242858
What is -1103301123 (base 4) in base 9?
-572616
1011022112 (base 4) to base 13
9bc33
5165326 (base 7) to base 8
2275434
Convert 675a26 (base 13) to base 6.
124150040
-3798764 (base 11) to base 4
-121013300132
Convert 1446806 (base 13) to base 11.
36aa051
-10000000001101011001011 (base 2) to base 15
-57ebc8
What is -1122332133 (base 4) in base 3?
-200221011110
Convert -5cc4c5 (base 13) to base 11.
-12907a9
Convert -12102221332 (base 4) to base 8.
-6225176
Convert -32333233 (base 4) to base 12.
-2b667
Convert -42746 (base 15) to base 4.
-303133023
What is -1c1fb (base 16) in base 3?
-12212000111
-184b07 (base 15) to base 2
-100100000001011000101
Convert -c1d199 (base 15) to base 4.
-203013321021
Convert -768134 (base 10) to base 3.
-1110000200102
100100011001100010110 (base 2) to base 6
41321514
What is 18087 (base 11) in base 7?
134002
111056056 (base 7) to base 3
110122102020111
What is -12687b (base 14) in base 2?
-10011010011111011101
Convert -a7ec (base 15) to base 7.
-205431
What is -4db5d (base 15) in base 2?
-111100110001101010
-10110011001111001001110 (base 2) to base 16
-599e4e
Convert -2484963 (base 10) to base 3.
-11200020201200
What is 10111100111100101 (base 2) in base 14?
27381
Convert 4272656 (base 9) to base 15.
3040a9
What is 4626164 (base 7) in base 6?
20221425
Convert -37c7b4 (base 13) to base 5.
-320412000
What is b6c4b2 (base 14) in base 3?
102121222221202
What is -110203212211 (base 4) in base 14?
-a03b5b
-22311121 (base 4) to base 3
-2020212121
Convert -7a560 (base 14) to base 7.
-2346050
What is 12006213 (base 7) in base 9?
1886376
-10008540 (base 9) to base 5
-2211223432
What is -101101110000100111 (base 2) in base 16?
-2dc27
277115 (base 9) to base 16
29507
Convert 10562332 (base 7) to base 6.
31440224
What is 72008 (base 10) in base 13?
26a11
Convert 291a512 (base 11) to base 15.
692b35
Convert 119136 (base 12) to base 5.
33112211
Convert -20332311323 (base 4) to base 15.
-3179a5
What is -166f36 (base 16) in base 10?
-1470262
What is -2012000211112 (base 3) in base 8?
-4335261
Convert 13686182 (base 9) to base 4.
121321113323
1215601 (base 8) to base 3
122000011002
Convert 5143354 (base 8) to base 4.
11030123230
Convert 1001001000000101101110 (base 2) to base 13.
659c51
Convert -154160 (base 8) to base 3.
-2211000011
10930 (base 16) to base 9
113111
What is -531123 (base 7) in base 4?
-112113333
What is 10612601 (base 7) in base 9?
1663582
Convert 10111000010111101010 (base 2) to base 7.
6263454
Convert -6438e (base 15) to base 3.
-121011021222
What is b70d1 (base 16) in base 15?
ec252
12052052 (base 6) to base 12
164028
-6569794 (base 10) to base 14
-c30350
887171 (base 10) to base 3
1200001222012
51212662 (base 8) to base 5
10232201434
Convert 12233331321 (base 4) to base 10.
1769337
Convert 1441144 (base 8) to base 3.
202211201001
What is -200210110120211 (base 3) in base 14?
-1480172
-13241468 (base 9) to base 6
-351445525
What is 13300131 (base 5) in base 9?
224341
What is -580833 (base 13) in base 14?
-3c448b
261ba23 (base 12) to base 16
7288fb
Convert -111110000100000001101 (base 2) to base 8.
-7604015
3301a6 (base 11) to base 5
113333223
What is 2032002 (base 5) in base 10?
33377
What is -120145045 (base 6) in base 15?
-2e7ac2
-1862a (base 12) to base 4
-20222002
What is -c9559 (base 13) in base 2?
-1011000101110100000
Convert 434417 (base 8) to base 16.
2390f
-100201212110 (base 3) to base 15
-3bba6
2841a6 (base 11) to base 4
1230211313
Convert -12312143 (base 6) to base 11.
-252332
What is 14510553 (base 6) in base 11?
316973
What is -7185297 (base 10) in base 4?
-123122032101
Convert 1111200111212 (base 3) to base 14.
16bbb2
What is -11dc24 (base 14) in base 4?
-2111332120
50644 (base 10) to base 13
1a089
55183 (base 10) to base 3
2210200211
What is -1110101110010011000101 (base 2) in base 9?
-7232403
Convert 15b76 (base 15) to base 13.
25b93
What is -2021617 (base 8) in base 13?
-158a21
11401002 (base 5) to base 6
2140253
275076 (base 8) to base 16
17a3e
Convert 573a78a (base 12) to base 7.
262251442
Convert -5ddb (base 14) to base 6.
-204113
Convert 2127c8 (base 15) to base 8.
6011640
2b8564 (base 12) to base 4
2310300130
What is -41a71 (base 11) in base 4?
-32323333
What is 1543d72 (base 14) in base 6?
1010314212
What is 13307404 (base 9) in base 15?
8989ea
-1001001010010110110100 (base 2) to base 8
-11122664
Convert 540210 (base 7) to base 16.
16e30
-2100202200022 (base 3) to base 4
-10302122333
858534 (base 12) to base 2
1000000010110111111000
What is -b3132 (base 15) in base 13?
-16b284
What is 2303502 (base 6) in base 8?
345336
What is 1002356 (base 10) in base 3?
1212220222022
Convert -43f74 (base 16) to base 3.
-112010212200
1101011101000010 (base 2) to base 6
1103042
-3a563 (base 12) to base 3
-11002010110
Convert 393192 (base 13) to base 4.
11100120033
Convert -46a61 (base 12) to base 10.
-94825
-95852 (base 10) to base 4
-113121230
Convert ca3a (base 13) to base 14.
a355
-72095c (base 15) to base 3
-101012022110020
Convert 1101110011100100 (base 2) to base 9.
85511
100110110110110011100000 (base 2) to base 9
21144444
What is -10322332321 (base 4) in base 7?
-13652266
Convert 41ba9 (base 14) to base 2.
100110101111111001
Convert 3505043 (base 7) to base 8.
1530710
What is 529496 (base 15) in base 4?
32333113011
18ede (base 15) to base 16
13c58
-455622 (base 8) to base 6
-3151202
What is -220101211200 (base 3) in base 7?
-4040163
What is -38435 (base 13) in base 15?
-20c1e
What is 34279b7 (base 12) in base 3?
200211110210011
What is -79ed (base 16) in base 8?
-74755
Convert 2330416 (base 9) to base 12.
509243
Convert -11c528 (base 13) to base 6.
-13053145
588755 (base 11) to base 7
10636565
Convert -101132022 (base 4) to base 13.
-2675a
1101103333 (base 4) to base 14
89539
Convert -8517128 (base 10) to base 9.
-17021265
1735842 (base 10) to base 4
12213302202
Convert 440240202 (base 6) to base 5.
4002442033
What is 10011100110011011011 (base 2) in base 13?
196452
-2867034 (base 11) to base 9
-10241846
1146593 (base 10) to base 3
2011020211102
Convert 2686613 (base 9) to base 3.
2202220200110
2016663 (base 7) to base 14
636da
Convert -3112715 (base 8) to base 7.
-10003416
50350 